{"id":1284,"date":"2023-10-25T15:03:11","date_gmt":"2023-10-25T15:03:11","guid":{"rendered":"https:\/\/www.flower-soul.com\/?page_id=1284"},"modified":"2023-11-16T15:01:43","modified_gmt":"2023-11-16T15:01:43","slug":"design-d-interieur","status":"publish","type":"page","link":"https:\/\/www.flower-soul.com\/fr\/design-d-interieur\/","title":{"rendered":"Design d&rsquo;int\u00e9rieur"},"content":{"rendered":"<section class=\"wpb-content-wrapper\"><p>[vc_row css_animation=\u00a0\u00bb\u00a0\u00bb row_type=\u00a0\u00bbrow\u00a0\u00bb use_row_as_full_screen_section=\u00a0\u00bbno\u00a0\u00bb type=\u00a0\u00bbgrid\u00a0\u00bb angled_section=\u00a0\u00bbno\u00a0\u00bb text_align=\u00a0\u00bbleft\u00a0\u00bb background_image_as_pattern=\u00a0\u00bbwithout_pattern\u00a0\u00bb padding_top=\u00a0\u00bb70&Prime; padding_bottom=\u00a0\u00bb50&Prime; z_index=\u00a0\u00bb\u00a0\u00bb css=\u00a0\u00bb.vc_custom_1693295118050{margin-top: -60px !important;}\u00a0\u00bb][vc_column][vc_column_text]<\/p>\n<blockquote>\n<p style=\"font-weight: 400; text-align: center;\">\u00ab\u00a0La reconnaissance du besoin est la condition premi\u00e8re de la cr\u00e9ation.\u00a0\u00bb<br \/>\n<span style=\"font-size: 12px;\">&#8211; Charles Eames\u00a0 &#8211; <\/span><\/p>\n<\/blockquote>\n<p>[\/vc_column_text][vc_empty_space height=\u00a0\u00bb60px\u00a0\u00bb][vc_column_text]<\/p>\n<h1><span style=\"color: #333300;\">FLOWERSOUL<\/span> studio<\/h1>\n<p>[\/vc_column_text][vc_empty_space height=\u00a0\u00bb60px\u00a0\u00bb][vc_column_text]R\u00e9sidences, bureaux, commerces, installations \u00e9ph\u00e9m\u00e8res et \u00e9v\u00e9nements \u00e9labor\u00e9s avec la plus grande attention.<\/p>\n<p>Nous sommes un studio de design d\u2019int\u00e9rieur sp\u00e9cialis\u00e9 dans la projection d\u2019une image de marque et de produit, solide, coh\u00e9rent et reconnaissable, de sorte que le client soit capable de le sentir depuis le premier instant.<\/p>\n<p>Nous collaborons avec diff\u00e9rents professionnels du monde du design qui ajoutent toujours un plus \u00e0 nos projets, afin de cr\u00e9er des axes transversales.<\/p>\n<p>Nous sommes convaincues qu\u2019il est possible de combiner fonctionnalit\u00e9 et identit\u00e9 de marque avec une proposition originale et rassurante.<\/p>\n<p>Nous proposons toujours des solutions durables et personnalis\u00e9es.<\/p>\n<p>Et bien entendu, nous donnons la priorit\u00e9 \u00e0 notre exp\u00e9rience dans la d\u00e9coration d\u2019int\u00e9rieur v\u00e9g\u00e9tale en tant que protagoniste de nos projets cr\u00e9atifs.[\/vc_column_text][vc_empty_space height=\u00a0\u00bb40px\u00a0\u00bb][\/vc_column][\/vc_row][vc_row css_animation=\u00a0\u00bb\u00a0\u00bb row_type=\u00a0\u00bbrow\u00a0\u00bb use_row_as_full_screen_section=\u00a0\u00bbno\u00a0\u00bb type=\u00a0\u00bbfull_width\u00a0\u00bb angled_section=\u00a0\u00bbno\u00a0\u00bb text_align=\u00a0\u00bbleft\u00a0\u00bb background_image_as_pattern=\u00a0\u00bbwithout_pattern\u00a0\u00bb z_index=\u00a0\u00bb\u00a0\u00bb][vc_column width=\u00a0\u00bb1\/4&Prime; css=\u00a0\u00bb.vc_custom_1695307207464{margin-bottom: 40px !important;padding-top: 460px !important;padding-bottom: 0px !important;background-image: url(https:\/\/www.flower-soul.com\/wp-content\/uploads\/2023\/08\/Apartado-interiores.jpg?id=1293) !important;background-position: center !important;background-repeat: no-repeat !important;background-size: cover !important;}\u00a0\u00bb][vc_column_text]<\/p>\n<h2 style=\"text-align: center;\"><a href=\"https:\/\/www.flower-soul.com\/fr\/residences-bureaux\">int\u00e9rieurs<\/a><\/h2>\n<p>[\/vc_column_text][\/vc_column][vc_column width=\u00a0\u00bb1\/2&Prime; css=\u00a0\u00bb.vc_custom_1695307212811{margin-bottom: 40px !important;padding-top: 460px !important;padding-bottom: 0px !important;background-image: url(https:\/\/www.flower-soul.com\/wp-content\/uploads\/2023\/08\/apartado-espacios-efimeros.jpg?id=1287) !important;background-position: center !important;background-repeat: no-repeat !important;background-size: cover !important;}\u00a0\u00bb][vc_column_text]<\/p>\n<h2 style=\"text-align: center;\"><a href=\"https:\/\/www.flower-soul.com\/fr\/espaces-et-evenements-ephemeres\">espaces \u00e9ph\u00e9m\u00e8res<\/a><\/h2>\n<p>[\/vc_column_text][\/vc_column][vc_column width=\u00a0\u00bb1\/4&Prime; css=\u00a0\u00bb.vc_custom_1695307219212{margin-bottom: 40px !important;padding-top: 460px !important;background-image: url(https:\/\/www.flower-soul.com\/wp-content\/uploads\/2023\/08\/apartado-eventos.jpg?id=1290) !important;background-position: center !important;background-repeat: no-repeat !important;background-size: cover !important;}\u00a0\u00bb][vc_column_text]<\/p>\n<h2 style=\"text-align: center;\"><a href=\"https:\/\/www.flower-soul.com\/fr\/espaces-et-evenements-ephemeres\">\u00e9v\u00e9nements<\/a><\/h2>\n<p>[\/vc_column_text][\/vc_column][\/vc_row][vc_row css_animation=\u00a0\u00bb\u00a0\u00bb row_type=\u00a0\u00bbrow\u00a0\u00bb use_row_as_full_screen_section=\u00a0\u00bbno\u00a0\u00bb type=\u00a0\u00bbfull_width\u00a0\u00bb angled_section=\u00a0\u00bbno\u00a0\u00bb text_align=\u00a0\u00bbleft\u00a0\u00bb background_image_as_pattern=\u00a0\u00bbwithout_pattern\u00a0\u00bb][vc_column][vc_empty_space height=\u00a0\u00bb120px\u00a0\u00bb][\/vc_column][\/vc_row]<\/p>\n<\/section>","protected":false},"excerpt":{"rendered":"<p>[vc_row css_animation=\u00a0\u00bb\u00a0\u00bb row_type=\u00a0\u00bbrow\u00a0\u00bb use_row_as_full_screen_section=\u00a0\u00bbno\u00a0\u00bb type=\u00a0\u00bbgrid\u00a0\u00bb angled_section=\u00a0\u00bbno\u00a0\u00bb text_align=\u00a0\u00bbleft\u00a0\u00bb background_image_as_pattern=\u00a0\u00bbwithout_pattern\u00a0\u00bb padding_top=\u00a0\u00bb70&Prime; padding_bottom=\u00a0\u00bb50&Prime; z_index=\u00a0\u00bb\u00a0\u00bb css=\u00a0\u00bb.vc_custom_1693295118050{margin-top: -60px !important;}\u00a0\u00bb][vc_column][vc_column_text] \u00ab\u00a0La reconnaissance du besoin est la condition premi\u00e8re de la cr\u00e9ation.\u00a0\u00bb &#8211; Charles Eames\u00a0 &#8211; [\/vc_column_text][vc_empty_space height=\u00a0\u00bb60px\u00a0\u00bb][vc_column_text] FLOWERSOUL studio [\/vc_column_text][vc_empty_space height=\u00a0\u00bb60px\u00a0\u00bb][vc_column_text]R\u00e9sidences, bureaux, commerces, installations \u00e9ph\u00e9m\u00e8res et \u00e9v\u00e9nements \u00e9labor\u00e9s avec la plus&#8230;<\/p>\n","protected":false},"author":1,"featured_media":0,"parent":0,"menu_order":0,"comment_status":"closed","ping_status":"closed","template":"full_width.php","meta":{"jetpack_post_was_ever_published":false,"footnotes":""},"yoast_head":"<!-- This site is optimized with the Yoast SEO plugin v22.5 - https:\/\/yoast.com\/wordpress\/plugins\/seo\/ -->\n<title>Studio de design d\u2019int\u00e9rieur sp\u00e9cialis\u00e9 - Madrid - Flower Soul Studio<\/title>\n<meta name=\"description\" content=\"Studio de design d\u2019int\u00e9rieur sp\u00e9cialis\u00e9 dans la projection d\u2019une image de marque et de produit, solide, coh\u00e9rent et reconnaissable\" \/>\n<meta name=\"robots\" content=\"index, follow, max-snippet:-1, max-image-preview:large, max-video-preview:-1\" \/>\n<link rel=\"canonical\" href=\"https:\/\/www.flower-soul.com\/fr\/design-d-interieur\/\" \/>\n<meta property=\"og:locale\" content=\"fr_FR\" \/>\n<meta property=\"og:type\" content=\"article\" \/>\n<meta property=\"og:title\" content=\"Studio de design d\u2019int\u00e9rieur sp\u00e9cialis\u00e9 - Madrid - Flower Soul Studio\" \/>\n<meta property=\"og:description\" content=\"Studio de design d\u2019int\u00e9rieur sp\u00e9cialis\u00e9 dans la projection d\u2019une image de marque et de produit, solide, coh\u00e9rent et reconnaissable\" \/>\n<meta property=\"og:url\" content=\"https:\/\/www.flower-soul.com\/fr\/design-d-interieur\/\" \/>\n<meta property=\"og:site_name\" content=\"Flower Soul\" \/>\n<meta property=\"article:modified_time\" content=\"2023-11-16T15:01:43+00:00\" \/>\n<meta name=\"twitter:card\" content=\"summary_large_image\" \/>\n<meta name=\"twitter:label1\" content=\"Dur\u00e9e de lecture estim\u00e9e\" \/>\n\t<meta name=\"twitter:data1\" content=\"1 minute\" \/>\n<script type=\"application\/ld+json\" class=\"yoast-schema-graph\">{\"@context\":\"https:\/\/schema.org\",\"@graph\":[{\"@type\":\"WebPage\",\"@id\":\"https:\/\/www.flower-soul.com\/fr\/design-d-interieur\/\",\"url\":\"https:\/\/www.flower-soul.com\/fr\/design-d-interieur\/\",\"name\":\"Studio de design d\u2019int\u00e9rieur sp\u00e9cialis\u00e9 - Madrid - Flower Soul Studio\",\"isPartOf\":{\"@id\":\"https:\/\/www.flower-soul.com\/fr\/#website\"},\"datePublished\":\"2023-10-25T15:03:11+00:00\",\"dateModified\":\"2023-11-16T15:01:43+00:00\",\"description\":\"Studio de design d\u2019int\u00e9rieur sp\u00e9cialis\u00e9 dans la projection d\u2019une image de marque et de produit, solide, coh\u00e9rent et reconnaissable\",\"breadcrumb\":{\"@id\":\"https:\/\/www.flower-soul.com\/fr\/design-d-interieur\/#breadcrumb\"},\"inLanguage\":\"fr-FR\",\"potentialAction\":[{\"@type\":\"ReadAction\",\"target\":[\"https:\/\/www.flower-soul.com\/fr\/design-d-interieur\/\"]}]},{\"@type\":\"BreadcrumbList\",\"@id\":\"https:\/\/www.flower-soul.com\/fr\/design-d-interieur\/#breadcrumb\",\"itemListElement\":[{\"@type\":\"ListItem\",\"position\":1,\"name\":\"Portada\",\"item\":\"https:\/\/www.flower-soul.com\/fr\/\"},{\"@type\":\"ListItem\",\"position\":2,\"name\":\"Design d&#8217;int\u00e9rieur\"}]},{\"@type\":\"WebSite\",\"@id\":\"https:\/\/www.flower-soul.com\/fr\/#website\",\"url\":\"https:\/\/www.flower-soul.com\/fr\/\",\"name\":\"Flower Soul\",\"description\":\"Jardines Verticales y Cuadros Vegetales\",\"potentialAction\":[{\"@type\":\"SearchAction\",\"target\":{\"@type\":\"EntryPoint\",\"urlTemplate\":\"https:\/\/www.flower-soul.com\/fr\/?s={search_term_string}\"},\"query-input\":\"required name=search_term_string\"}],\"inLanguage\":\"fr-FR\"}]}<\/script>\n<!-- \/ Yoast SEO plugin. -->","yoast_head_json":{"title":"Studio de design d\u2019int\u00e9rieur sp\u00e9cialis\u00e9 - Madrid - Flower Soul Studio","description":"Studio de design d\u2019int\u00e9rieur sp\u00e9cialis\u00e9 dans la projection d\u2019une image de marque et de produit, solide, coh\u00e9rent et reconnaissable","robots":{"index":"index","follow":"follow","max-snippet":"max-snippet:-1","max-image-preview":"max-image-preview:large","max-video-preview":"max-video-preview:-1"},"canonical":"https:\/\/www.flower-soul.com\/fr\/design-d-interieur\/","og_locale":"fr_FR","og_type":"article","og_title":"Studio de design d\u2019int\u00e9rieur sp\u00e9cialis\u00e9 - Madrid - Flower Soul Studio","og_description":"Studio de design d\u2019int\u00e9rieur sp\u00e9cialis\u00e9 dans la projection d\u2019une image de marque et de produit, solide, coh\u00e9rent et reconnaissable","og_url":"https:\/\/www.flower-soul.com\/fr\/design-d-interieur\/","og_site_name":"Flower Soul","article_modified_time":"2023-11-16T15:01:43+00:00","twitter_card":"summary_large_image","twitter_misc":{"Dur\u00e9e de lecture estim\u00e9e":"1 minute"},"schema":{"@context":"https:\/\/schema.org","@graph":[{"@type":"WebPage","@id":"https:\/\/www.flower-soul.com\/fr\/design-d-interieur\/","url":"https:\/\/www.flower-soul.com\/fr\/design-d-interieur\/","name":"Studio de design d\u2019int\u00e9rieur sp\u00e9cialis\u00e9 - Madrid - Flower Soul Studio","isPartOf":{"@id":"https:\/\/www.flower-soul.com\/fr\/#website"},"datePublished":"2023-10-25T15:03:11+00:00","dateModified":"2023-11-16T15:01:43+00:00","description":"Studio de design d\u2019int\u00e9rieur sp\u00e9cialis\u00e9 dans la projection d\u2019une image de marque et de produit, solide, coh\u00e9rent et reconnaissable","breadcrumb":{"@id":"https:\/\/www.flower-soul.com\/fr\/design-d-interieur\/#breadcrumb"},"inLanguage":"fr-FR","potentialAction":[{"@type":"ReadAction","target":["https:\/\/www.flower-soul.com\/fr\/design-d-interieur\/"]}]},{"@type":"BreadcrumbList","@id":"https:\/\/www.flower-soul.com\/fr\/design-d-interieur\/#breadcrumb","itemListElement":[{"@type":"ListItem","position":1,"name":"Portada","item":"https:\/\/www.flower-soul.com\/fr\/"},{"@type":"ListItem","position":2,"name":"Design d&#8217;int\u00e9rieur"}]},{"@type":"WebSite","@id":"https:\/\/www.flower-soul.com\/fr\/#website","url":"https:\/\/www.flower-soul.com\/fr\/","name":"Flower Soul","description":"Jardines Verticales y Cuadros Vegetales","potentialAction":[{"@type":"SearchAction","target":{"@type":"EntryPoint","urlTemplate":"https:\/\/www.flower-soul.com\/fr\/?s={search_term_string}"},"query-input":"required name=search_term_string"}],"inLanguage":"fr-FR"}]}},"jetpack_sharing_enabled":true,"jetpack_shortlink":"https:\/\/wp.me\/PaVqaq-kI","_links":{"self":[{"href":"https:\/\/www.flower-soul.com\/fr\/wp-json\/wp\/v2\/pages\/1284"}],"collection":[{"href":"https:\/\/www.flower-soul.com\/fr\/wp-json\/wp\/v2\/pages"}],"about":[{"href":"https:\/\/www.flower-soul.com\/fr\/wp-json\/wp\/v2\/types\/page"}],"author":[{"embeddable":true,"href":"https:\/\/www.flower-soul.com\/fr\/wp-json\/wp\/v2\/users\/1"}],"replies":[{"embeddable":true,"href":"https:\/\/www.flower-soul.com\/fr\/wp-json\/wp\/v2\/comments?post=1284"}],"version-history":[{"count":7,"href":"https:\/\/www.flower-soul.com\/fr\/wp-json\/wp\/v2\/pages\/1284\/revisions"}],"predecessor-version":[{"id":1819,"href":"https:\/\/www.flower-soul.com\/fr\/wp-json\/wp\/v2\/pages\/1284\/revisions\/1819"}],"wp:attachment":[{"href":"https:\/\/www.flower-soul.com\/fr\/wp-json\/wp\/v2\/media?parent=1284"}],"curies":[{"name":"wp","href":"https:\/\/api.w.org\/{rel}","templated":true}]}}

Design d&rsquo;intérieur

<section class="wpb-content-wrapper"><p>[vc_row css_animation= » » row_type= »row » use_row_as_full_screen_section= »no » type= »grid » angled_section= »no » text_align= »left » background_image_as_pattern= »without_pattern » padding_top= »70&Prime; padding_bottom= »50&Prime; z_index= » » css= ».vc_custom_1693295118050{margin-top: -60px !important;} »][vc_column][vc_column_text]</p>
<blockquote>
<p style="font-weight: 400; text-align: center;">« La reconnaissance du besoin est la condition première de la création. »<br />
<span style="font-size: 12px;">&#8211; Charles Eames  &#8211; </span></p>
</blockquote>
<p>[/vc_column_text][vc_empty_space height= »60px »][vc_column_text]</p>
<h1><span style="color: #333300;">FLOWERSOUL</span> studio</h1>
<p>[/vc_column_text][vc_empty_space height= »60px »][vc_column_text]Résidences, bureaux, commerces, installations éphémères et événements élaborés avec la plus grande attention.</p>
<p>Nous sommes un studio de design d’intérieur spécialisé dans la projection d’une image de marque et de produit, solide, cohérent et reconnaissable, de sorte que le client soit capable de le sentir depuis le premier instant.</p>
<p>Nous collaborons avec différents professionnels du monde du design qui ajoutent toujours un plus à nos projets, afin de créer des axes transversales.</p>
<p>Nous sommes convaincues qu’il est possible de combiner fonctionnalité et identité de marque avec une proposition originale et rassurante.</p>
<p>Nous proposons toujours des solutions durables et personnalisées.</p>
<p>Et bien entendu, nous donnons la priorité à notre expérience dans la décoration d’intérieur végétale en tant que protagoniste de nos projets créatifs.[/vc_column_text][vc_empty_space height= »40px »][/vc_column][/vc_row][vc_row css_animation= » » row_type= »row » use_row_as_full_screen_section= »no » type= »full_width » angled_section= »no » text_align= »left » background_image_as_pattern= »without_pattern » z_index= » »][vc_column width= »1/4&Prime; css= ».vc_custom_1695307207464{margin-bottom: 40px !important;padding-top: 460px !important;padding-bottom: 0px !important;background-image: url(https://www.flower-soul.com/wp-content/uploads/2023/08/Apartado-interiores.jpg?id=1293) !important;background-position: center !important;background-repeat: no-repeat !important;background-size: cover !important;} »][vc_column_text]</p>
<h2 style="text-align: center;"><a href="https://www.flower-soul.com/fr/residences-bureaux">intérieurs</a></h2>
<p>[/vc_column_text][/vc_column][vc_column width= »1/2&Prime; css= ».vc_custom_1695307212811{margin-bottom: 40px !important;padding-top: 460px !important;padding-bottom: 0px !important;background-image: url(https://www.flower-soul.com/wp-content/uploads/2023/08/apartado-espacios-efimeros.jpg?id=1287) !important;background-position: center !important;background-repeat: no-repeat !important;background-size: cover !important;} »][vc_column_text]</p>
<h2 style="text-align: center;"><a href="https://www.flower-soul.com/fr/espaces-et-evenements-ephemeres">espaces éphémères</a></h2>
<p>[/vc_column_text][/vc_column][vc_column width= »1/4&Prime; css= ».vc_custom_1695307219212{margin-bottom: 40px !important;padding-top: 460px !important;background-image: url(https://www.flower-soul.com/wp-content/uploads/2023/08/apartado-eventos.jpg?id=1290) !important;background-position: center !important;background-repeat: no-repeat !important;background-size: cover !important;} »][vc_column_text]</p>
<h2 style="text-align: center;"><a href="https://www.flower-soul.com/fr/espaces-et-evenements-ephemeres">événements</a></h2>
<p>[/vc_column_text][/vc_column][/vc_row][vc_row css_animation= » » row_type= »row » use_row_as_full_screen_section= »no » type= »full_width » angled_section= »no » text_align= »left » background_image_as_pattern= »without_pattern »][vc_column][vc_empty_space height= »120px »][/vc_column][/vc_row]</p>
</section>

<p>[vc_row css_animation= » » row_type= »row » use_row_as_full_screen_section= »no » type= »grid » angled_section= »no » text_align= »left » background_image_as_pattern= »without_pattern » padding_top= »70&Prime; padding_bottom= »50&Prime; z_index= » » css= ».vc_custom_1693295118050{margin-top: -60px !important;} »][vc_column][vc_column_text] « La reconnaissance du besoin est la condition première de la création. » &#8211; Charles Eames  &#8211; [/vc_column_text][vc_empty_space height= »60px »][vc_column_text] FLOWERSOUL studio [/vc_column_text][vc_empty_space height= »60px »][vc_column_text]Résidences, bureaux, commerces, installations éphémères et événements élaborés avec la plus&#8230;</p>

<!-- This site is optimized with the Yoast SEO plugin v22.5 - https://yoast.com/wordpress/plugins/seo/ -->
<title>Studio de design d’intérieur spécialisé - Madrid - Flower Soul Studio</title>
<meta name="description" content="Studio de design d’intérieur spécialisé dans la projection d’une image de marque et de produit, solide, cohérent et reconnaissable" />
<meta name="robots" content="index, follow, max-snippet:-1, max-image-preview:large, max-video-preview:-1" />
<link rel="canonical" href="https://www.flower-soul.com/fr/design-d-interieur/" />
<meta property="og:locale" content="fr_FR" />
<meta property="og:type" content="article" />
<meta property="og:title" content="Studio de design d’intérieur spécialisé - Madrid - Flower Soul Studio" />
<meta property="og:description" content="Studio de design d’intérieur spécialisé dans la projection d’une image de marque et de produit, solide, cohérent et reconnaissable" />
<meta property="og:url" content="https://www.flower-soul.com/fr/design-d-interieur/" />
<meta property="og:site_name" content="Flower Soul" />
<meta property="article:modified_time" content="2023-11-16T15:01:43+00:00" />
<meta name="twitter:card" content="summary_large_image" />
<meta name="twitter:label1" content="Durée de lecture estimée" />
	<meta name="twitter:data1" content="1 minute" />
<script type="application/ld+json" class="yoast-schema-graph">{"@context":"https://schema.org","@graph":[{"@type":"WebPage","@id":"https://www.flower-soul.com/fr/design-d-interieur/","url":"https://www.flower-soul.com/fr/design-d-interieur/","name":"Studio de design d’intérieur spécialisé - Madrid - Flower Soul Studio","isPartOf":{"@id":"https://www.flower-soul.com/fr/#website"},"datePublished":"2023-10-25T15:03:11+00:00","dateModified":"2023-11-16T15:01:43+00:00","description":"Studio de design d’intérieur spécialisé dans la projection d’une image de marque et de produit, solide, cohérent et reconnaissable","breadcrumb":{"@id":"https://www.flower-soul.com/fr/design-d-interieur/#breadcrumb"},"inLanguage":"fr-FR","potentialAction":[{"@type":"ReadAction","target":["https://www.flower-soul.com/fr/design-d-interieur/"]}]},{"@type":"BreadcrumbList","@id":"https://www.flower-soul.com/fr/design-d-interieur/#breadcrumb","itemListElement":[{"@type":"ListItem","position":1,"name":"Portada","item":"https://www.flower-soul.com/fr/"},{"@type":"ListItem","position":2,"name":"Design d&#8217;intérieur"}]},{"@type":"WebSite","@id":"https://www.flower-soul.com/fr/#website","url":"https://www.flower-soul.com/fr/","name":"Flower Soul","description":"Jardines Verticales y Cuadros Vegetales","potentialAction":[{"@type":"SearchAction","target":{"@type":"EntryPoint","urlTemplate":"https://www.flower-soul.com/fr/?s={search_term_string}"},"query-input":"required name=search_term_string"}],"inLanguage":"fr-FR"}]}</script>
<!-- / Yoast SEO plugin. -->

Studio de design d’intérieur spécialisé - Madrid - Flower Soul Studio

Studio de design d’intérieur spécialisé dans la projection d’une image de marque et de produit, solide, cohérent et reconnaissable

Design d&#8217;intérieur
